0
Calculate -8 + (112 + -167 - 55).
-118
Evaluate (-1 - 9) + -65 + (48 - -8) - 23.
-42
What is the value of 25 - -1 - (-13 + (-30 - -79))?
-10
What is -20 + (-3 - -12) + 17 + -9 - -38?
35
-73 + 5 + (14 - (31 + -51))
-34
What is -5 + 5 - 87 - (-72 + 17 - -40)?
-72
Calculate (28 - -85) + (-8 - -4 - (8 + -1)) - 5.
97
What is (-2 - -3 - -1 - 11) + -836 + 886?
41
What is -2 + -20 + (-34 - -60 - 35)?
-31
-16 + -7 + -2 + 8 + -12
-29
What is the value of -58 + -1 + (-65 - -103)?
-21
Evaluate (4 - 9) + (72 - 20 - (-3 - 6)) + 6.
62
What is (25 + 16 - -1) + -41?
1
What is (-4 - 2) + 23 + (-11 - (5 - 30))?
31
Calculate -6 - ((-1 - 2) + 0 + 545 + -460) - 1.
-89
Calculate -2 + (-2 - 0) + 2 + -162 + 38 + 40.
-86
(3 - 2) + -10 + 14 - (3 - (-13 - 0))
-11
3 - -40 - 22 - (-2 - (16 + -82))
-43
Calculate 13 - (45 + -19 + -17 + 1 + -43 - 10).
56
What is -1468 + 1461 - (2 - -4 - 5)?
-8
What is -58 + 97 - (10 + (157 - 6))?
-122
Calculate 1 - (5 + 5 + 0 + -6) - (103 + -123).
17
Calculate 14 - ((6 + 0 + -11 - -16) + 61 + -5).
-53
What is (-9 - ((-12 - 0) + -25)) + -12 - -42?
58
Calculate -4 + (-5 - -2) - 5 - (241 - 290).
37
What is the value of -36 + 83 - (18 - 11)?
40
What is the value of 7 + 1 + (-17 - ((9 - -3) + -71 + 28))?
22
What is 1 + 12 + -4 + (-6 - 15) + 14 + 24?
26
Evaluate 10 + 1 + -3 + (20 - 14) + -15.
-1
What is -31 + 33 - (-5 + 10 - (49 + -4))?
42
What is the value of 4 - (107 - 55 - -12)?
-60
-20 + 6 + 14 + 56 - (0 + 4 - 0)
52
30 + (-16 - (16 + -22)) + (18 - -2)
40
Calculate -68 + 14 - ((1 - -2) + 2 - 16).
-43
(-16 - -1 - (473 + -531)) + (27 - 8)
62
(-5 - (-16 - -4) - 3) + -2
2
Calculate 15 + -21 + -1 + -2 + 15 + 12.
18
Evaluate -1 + (-2 - -12) + (-296 - -313).
26
What is the value of -6 + (27 - 26) + 1 + 57 + 0 - 0?
53
What is -43 - (-28 + 53 + -45 - -2)?
-25
What is (25 - (5 - -3)) + 0 + 2 - (-12 + 3)?
28
What is the value of 72 - (114 + -41 + 61)?
-62
Calculate (-11 - -17 - -9) + -11 - (-11 - -1).
14
Evaluate -51 + 57 + (-17 - (-3 - -2) - -10).
0
-14 + -5 - -12 - -13 - 20 - 7
-21
Calculate (-33 + 36 - -3) + -20 - -52.
38
-2 + 0 + 0 - (12403 + -12367)
-38
What is (11 - 9) + -12 + 14 - (58 + 1 + -2)?
-53
(-2 - 1) + -31 + -42 + 20 + 21
-35
Calculate -19 - (-11 + -2 + 1) - (4 + -19).
8
What is the value of -1 + -113 + (9 - 15) + (1 - 1 - 1)?
-121
What is 1 + 10 - ((11 - 1 - 8) + (29 - 22))?
2
Evaluate 1 + -3 + 26 + (-88 - (136 - 212)).
12
Calculate -8 + (74 - (75 + -36 - 52)).
79
What is the value of (-2 + (4 - 0) - -25) + (-222 - -217)?
22
-2 + 184 + (8625 - 8754)
53
What is -92 + 157 + -92 + (-37 - 1)?
-65
-21 + -30 + (-33 + 20 - -9)
-55
-48 - (-88 + 35) - (56 + 3 - (1 + 1))
-52
Calculate 28 - (64 + -18 + -5).
-13
Evaluate (21 - (-9 - 5)) + (-109 - -8).
-66
What is 15 - (26 + -7) - 51?
-55
What is the value of 58 - (-27 + 23 - (11 - 9) - -7)?
57
Evaluate -13 + (11 - ((2 - -31) + 1)).
-36
What is the value of 2 + -5 + (-17 + (-11 - -8) - -10) + -13?
-26
(-152 - -63) + (-94 - -52)
-131
Evaluate -72 - (20 + 19 + -48 + 21).
-84
What is 219 - 134 - (0 + 5 + 12)?
68
Evaluate -36 - (-29 - 8 - -13).
-12
Evaluate 4 - 23 - (420 - 434).
-5
What is (3 - (-4 + 1)) + 54 + -29 + -58?
-27
What is the value of (-10 + -3 - (-8 - -2)) + (2 - 51) - -6?
-50
Evaluate 0 + -8 + -113 + 117 + (-25 - -1).
-28
What is -222 - -238 - (-1 + -8 + (1 - 0))?
24
Evaluate (0 - -15) + (-19 - (60 + -94)).
30
What is the value of 1025 + -966 - (2 - 32)?
89
What is 41 + -177 - (-427 - -367)?
-76
What is the value of 119 + -175 - (-36 + 31 + (-2 - -18))?
-67
What is the value of 167 + (-142 - -2) + 57?
84
(17 - (22 - (-9 + 15))) + 40 + 17
58
Evaluate -2 - -56 - (-2248 - -2259).
43
What is the value of (5 - 63) + (9 - 7) + (-14 - -15)?
-55
Evaluate -85 + 5 - (2707 - 2757).
-30
Evaluate (3 - -12) + (15 + 16 + 12 - 23).
35
Evaluate 108 + (-43 + -15 + 2 - -24).
76
(-120 + 39 - -38) + 35
-8
Calculate -18 - (50 - 38 - (-4 - 28)).
-62
Evaluate -12359 - -12274 - (2 + 1).
-88
Calculate 18 + 46 + 18 + -38.
44
What is -9 + 14 + (-22 - (-5 - -1))?
-13
-18 - (-40 - (-8 + (-2 - 6))) - (-16 - 0)
22
Calculate -5 + 0 - (9 + (-6 - -5) + -4 + -1).
-8
Calculate -93 + 9 + (15 - ((-4 - 10) + 25)) + 6.
-74
What is the value of (25 + 0 - (1063 - 1111)) + -7?
66
What is (13 + -13 - 4 - 4) + 37 + 17?
46
Calculate 9 - (-1 + -8 + (-18 - (-14 + -63))).
-41
What is the value of -10 - (12 + -1 + (-156 - (-78 + 44)))?
101
0 + -9 + 0 - (31 + (-4 - 21 - -49))
-64
16 + (1 - (-2 - -4)) + (-2743 - -2796)
68
What is -115 - (19 - 101) - -165?
132
Calculate -18 + 38 + (-35 - -19) + 57.
61
What is the value of (-192 - -209) + (1 + 2 - -1)?
21
58 - ((49 - 29) + -4)
42
What is -65 + 84 + -82 + (4 - (-2 - 2))?
-55
Calculate (-4 - (7 - (-41 - -27))) + -26.
-51
What is the value of -23 - (-52 + 42 + 26 + -50)?
11
What is the value of -42 - (29 - 6 - 50)?
-15
Evaluate 16 + 0 - (12 + -5 - -6 - (-12 + 24)).
15
What is the value of -14 + -8 + 9 + 1 + (2 - -6)?
-4
(12 - 14) + -2 + -14 + 8 + (101 - -5)
96
Evaluate 70 - (0 - (-3 + -25 - -16)).
58
What is (17 - 10) + (253 - 269)?
-9
Calculate 43 + (-32 - 3) + (-6 - 1) + (-2 - 0).
-1
31 + (24 - 57) + -44
-46
What is -33 + 1 + -2 + -146 + 59 + 100?
-21
What is 128 + (-26 - (55 - 53))?
100
24 - (8 - (-14 - -3 - (12 - 13 - 8)))
14
What is 3 + (245 - 149) + -6 + (1 - 3) - 4?
87
What is 23 + 39 + -29 + -32?
1
3 - 40 - -2 - (6013 - 6037)
-11
Calculate 46 - 1 - (-3 - (-6 - -1) - (13 - 8)).
48
What is 77 + (-37 + -1 - -1)?
40
Evaluate 9 - ((2 - -8) + -2 + (-446 - -478)).
-31
Evaluate -17 + 11 + (-3 - (5 - (7 + -8)) - -12).
-3
Calculate 24 + (6 - 54 - 1) + 16.
-9
Evaluate 2 + 3 + (5 - (6 + 32)) + 2.
-26
Calculate 21 + -4 + (109 - 70 - 87).
-31
Evaluate -50 - (49 + -54 + -1 + 1) - -6.
-39
Evaluate -12 + 0 - (-90 + 71) - (0 + 39).
-32
416 + -406 + -3 + -6
1
What is the value of (95 - (-2 - -73)) + 1 + -3?
22
Calculate 1 + 25 - (23 - (8 + -9 - -11)).
13
What is the value of (38 + -31 + -11 - 19) + -1?
-24
Calculate 865 + -796 + (-2 - 69).
-2
Evaluate 7 + (-21 + 3 - -42) - -3.
34
-53 - ((121 - 132) + 0 + -16)
-26
(29 - (4 + (-2 - -29))) + -9 + -1
-12
What is the value of 3 - (-1 + -4) - ((-43 - -68) + -62)?
45
What is 14 + -64 + (-1 - 8 - (37 + (-36 - -1)))?
-61
Evaluate 14 + -34 + -2 + 81 - -17.
76
(-137 + 197 - 152) + (3 - (7 + -1) - -2)
-93
Calculate 129 + -97 + (5 - (-4 + 11 + -2)) + 8.
40
33 - ((1 - 1) + -9 + 637 + -641)
46
Evaluate 8 - 16 - ((14 - 6) + -10) - 18 - 4.
-28
Calculate 3 + 5 + -6 + (-118 - (33 + -25 - 14)).
-110
What is -7 + 9 + 19 - (38 + 1)?
-18
Calculate 19 + (16 - 49) - (5 - (3 - 2)).
-18
What is -13 + (2 - -42 - 37) - (1 - -12)?
-19
What is the value of 69 - (8 + -3 + (97 - 69))?
36
What is -2 + 29 + 6 + (81 + -35 - 43)?
36
Evaluate 20 + 22 - (2 + -12 + -1 - 4).
57
Calculate (-1 - 0 - -5) + -108 + 150 + 23.
69
What is -68 - (-17 - 37) - (0 - 17)?
3
61 + -25 - (-12 + 6)
42
What is the value of 50 + -1 - ((-43 - -24) + 25 + -1)?
44
What is -101 + (-37 - -138) - 48?
-48
What is the value of -62 - ((-149 - -152) + -129)?
64
What is 71 + -53 + 21 + (-1 - 3)?
35
(3 - ((-38 - -21) + 4)) + (21 - -4)
41
What is the value of -28 + 6 - (-25 - -11) - -36?
28
Evaluate 55 + -128 - -139 - 103.
-37
Evaluate 29 - ((1 - 49) + (-2601 - -2637)).
41
What is -7 + -6 - (10 - -41) - (1 - 1 - 9)?
-55
Calculate (13 + -22 - -15) + -19 - -17.
4
Evaluate -8 + 9 + 33 + -11 + (-6 - (0 + 1)).
16
6 + 0 + -3 + 2 + (15 - -2 - 18)
4
Calculate -41 - (-53 - 18) - -8.
38
(-6 - -6) + (16 - 8) + (56 - -29) + -27
66
Calculate 1 - (30 + -13) - -15 - (33 - (0 - -3)).
-31
-41 - (-17 + 24 + 12 + -39) - -105
84
What is (155 - 157) + (-46 - 16)?
-64
What is -6 - (4 - 0 - 7 - 40)?
37
What is -66 - ((-7 - 1) + 3 + -8 + (-13 - -24))?
-64
What is the value of (-41 - -4) + 6 + -16 + -7 + 7?
-47
22 - (-43 - -19 - -47)
-1
Evaluate 23 + -34 + -2 + (920 - 967).
-60
What is the value of 7 + (-82 - -165) + -73?
17
(1 + 2 - (2 - 2)) + (22 - 32)
-7
What is (0 - (-1 + (31 - 1))) + 19 + -65 + 42?
-33
What is -117 + 95 - (-5 + 6) - (-105 + 21)?
61
What is (82 - -23 - 13) + -25 + -10?
57
-22 - (-63 + 31 - -11) - 85
-86
Calculate 5771 + -5916 + (4 - -41).
-100
-5 + (-5 - ((13 + -41 - -9) + 5))
4
Evaluate -55 + (70 - (106 + 17)).
-108
Calculate 5 + (-14 - (21 + -18)) + 17.
5
What is the value of (70 - -18) + -138 - -119?
69
What is (4 - 0 - (77 + 